= 3 + 1 + 7*v - v**2 - 10. What is the units digit of a(5)?
4
Let x = -72 + 102. What is the units digit of x?
0
Let h be 1 - ((5 - 2) + 0). Let f be (-1 - h)*(-17 - 0). Let r = -2 - f. What is the units digit of r?
5
Suppose g + 5 = 40. Let w = g - -10. What is the units digit of w?
5
Let d = -122 - -188. What is the units digit of d?
6
Suppose 0*d - d + 3*p = -10, 20 = -4*p. Let w be (-6)/(-30) - 199/d. Suppose -2*r - q = 2*r - w, -q = -r + 15. What is the tens digit of r?
1
Let z = 57 + 0. What is the tens digit of z?
5
Let l(w) = -w - 3. Let s be l(0). Let j = s + 7. What is the units digit of j?
4
Suppose 2*o = -3*f + 6*o + 58, 3*o = -f + 2. Let y = -10 + f. What is the units digit of y?
4
Let w(t) = -53*t + 2. Let f(o) = 26*o - 1. Let l(v) = -13*f(v) - 6*w(v). What is the units digit of l(-1)?
1
Suppose -y - 12 = -4*o + y, o - 3 = 4*y. What is the units digit of o?
3
Let g(u) = -u**3 - 5*u**2 - 6*u - 3. What is the units digit of g(-4)?
5
Let v(h) = -4*h + 13. What is the units digit of v(-11)?
7
Suppose 2*l - 6 = -0. What is the tens digit of (l - (-20)/6)*3?
1
Let w(u) = -u + 3. Let s be w(4). What is the units digit of (4/10)/(s/(-15))?
6
Suppose 13 - 37 = 4*j. Let n(p) = -4*p + 9. What is the units digit of n(j)?
3
Let g be 4/3*24/16. Suppose g*q + 0*q - 70 = 0. What is the units digit of q?
5
Let d(f) = -1. Let a(u) = -u - 4. Let w(t) = 2*a(t) - 7*d(t). Suppose -7*c - 16 = -3*c. What is the units digit of w(c)?
7
Suppose 0 = b - 5*p - 72, b - 6*b + 5*p + 380 = 0. What is the tens digit of b?
7
Let v(k) = -k**3 + 6*k**2 - 2*k - 2. Let q = 7 - 3. What is the tens digit of v(q)?
2
Let r = -192 + 271. What is the units digit of r?
9
Let m = -180 - -48. What is the tens digit of 1/(-5) - m/10?
1
Let b(u) = -11*u**2 - 41*u + 15. Let t(m) = -4*m**2 - 14*m + 5. Let d(n) = 3*b(n) - 8*t(n). What is the units digit of d(-9)?
3
Suppose n - 91 = 4*o, -o - 82 + 309 = 2*n. What is the hundreds digit of n?
1
Suppose -15 = -4*q + 49. What is the tens digit of q?
1
Let n = 27 - -10. What is the units digit of n?
7
Suppose 4*n = -0*n - 4. Let i be 2/((n - 0)/(-1)). Suppose p + 6*u - 3 = i*u, -5*u + 2 = p. What is the units digit of p?
7
Let g(r) = r**3 - 2*r**2 - 2*r - 4. Let c be g(4). Suppose -4*v + 2*v + 4*t + c = 0, 5*v - 20 = -5*t. Let p = v - 3. What is the units digit of p?
3
Let z(q) = -6*q - 10. Let j(v) = v + 1. Let o(p) = 22*j(p) + 2*z(p). Suppose 0*w - w = -4*t + 10, 5*t - 15 = 0. What is the tens digit of o(w)?
2
Suppose -s + 34 + 1 = 0. What is the units digit of s?
5
Let m be 2 + 1 + 4*15. Suppose -q + 3*r + 30 = 0, 0 = 2*q - 4*r + r - m. What is the tens digit of q?
3
Let a(r) = -r**3 - 3*r**2 + 7*r - 2. Let d be a(-5). Let u(i) = -5*i + 12. Let q be u(-5). Suppose 4*j - q + d = 0. What is the units digit of j?
6
Let v(m) = -m + 4. Let a be v(4). Suppose 2*y + 2*y = a. Let g(i) = -i**2 + 9. What is the units digit of g(y)?
9
Let p = 6 + 1. Let n(a) be the second derivative of -a**5/20 + a**4/2 + 7*a**3/6 + 5*a**2/2 - a. What is the units digit of n(p)?
5
Suppose -3*h = -4*h. Let w = 3 - h. Suppose -t = -w*t + 32. What is the tens digit of t?
1
Let g(b) = 8*b - 2. Let h be (-56)/(-12)*3/2. What is the tens digit of g(h)?
5
Suppose -5*x + 22 = -3*k, -5 + 2 = -3*k. Let l = -2 + 2. Suppose -u + 6*u - x = l. What is the units digit of u?
1
Suppose 3*y - 4 = 2*y. Suppose 0 = -y*f - 4*a - 0*a, 4*a = f - 20. Suppose -52 = -f*i - 4*s, 0*i + 3*i + 5*s = 43. What is the units digit of i?
1
Let z be (-4)/((-1)/((-7)/(-2))). Suppose 0 = -3*f + 6, 4*g = f - 0*f - z. What is the tens digit of 10 + g + (-8)/(-2)?
1
Suppose -t = 3*t. Suppose -5*w + 5*z - 10 = t, -3*w - z + 34 = 4*z. Suppose -8*s + w*s = -35. What is the units digit of s?
7
Suppose -5*q = -174 - 66. What is the units digit of q?
8
Suppose q = 4*s - q + 10, 3*s = 4*q - 10. Let a be (-32)/(-14) - s/(-7). What is the units digit of a/5*(-25)/(-10)?
1
Let q(k) be the second derivative of -k**5/20 - 5*k**4/12 + 2*k**3/3 - 4*k**2 - 4*k. What is the units digit of q(-6)?
4
Let s = 25 + -10. Let b = -10 + s. What is the units digit of b?
5
Suppose -21 = -5*t + 2*t. Suppose t - 3 = u. Suppose u*x = -x + 30. What is the units digit of x?
6
Suppose 2*s + 2*s = 172. Suppose -5*v - s = -108. What is the tens digit of v?
1
Let p = -4 - -52. Suppose -3*n = -7*n + p. What is the units digit of n?
2
Let c(s) = -s**3 - 5*s**2 + 9*s + 4. Let d be c(-6). What is the units digit of (d/(-3))/(3/9)?
4
What is the units digit of -68*4/((-16)/3)?
1
Suppose 2*n = -0*n + 158. Suppose -5*q - n = -314. Let m = q - 34. What is the units digit of m?
3
Let a be -2 - -23 - 0/2. Suppose -5*m - 6 = -a. What is the units digit of m?
3
Suppose -2*k = 2*k - 260. What is the units digit of k?
5
Suppose -4*h + 30 = -3*h. Suppose 4*i - 3*i - 3*o - h = 0, 2*i - 32 = -o. Let n = i + -12. What is the units digit of n?
6
Suppose 4*v = 326 - 78. What is the tens digit of v?
6
Suppose 10 = 4*l + 5*n - 3, 3*l - 4 = 2*n. What is the units digit of (36/21)/(l/35)?
0
Suppose -4*m + 87 = -5*i - 105, 3*m - i - 155 = 0. What is the units digit of m?
3
Let y(i) = i**2 + 5*i + 4. Let o be y(-5). Suppose -4*m + 0*j + 36 = -4*j, 5*m = j + 33. Suppose 5*f - m = o*f. What is the units digit of f?
6
Let y be 21 + (-3)/(3 + -4). What is the tens digit of (0 + -1)/((-2)/y)?
1
Suppose -15 = -3*s + 2*d - 0*d, 5 = s + 5*d. Let v = 8 - s. Let c = v + -1. What is the units digit of c?
2
Let t(c) = c**2 - 2*c - 1. What is the units digit of t(4)?
7
What is the units digit of (6/10)/((-22)/(-990))?
7
Suppose 2 = t - 207. What is the tens digit of t?
0
Let y(d) = 37*d - 1. Let w be y(1). Suppose 3*r + 2*r = 2*i + w, -27 = -3*r + 3*i. What is the units digit of r?
6
Suppose 0 = -5*v + 29 - 154. Let z = 44 + v. What is the tens digit of z?
1
Suppose -13*v - 540 = -18*v. What is the units digit of v?
8
Let m(s) = -s - 10. Let q be m(-10). Suppose -4*t + q*t = -5*k - 29, -5*t - 10 = 3*k. What is the units digit of t?
1
Let s = -61 + 114. What is the units digit of s?
3
Let s(a) be the third derivative of -a**4/8 - 2*a**2. Let p be s(-1). Suppose -5 = -4*i + 15, 0 = -p*w - 3*i + 33. What is the units digit of w?
6
Let f(k) = k**2 + 15*k + 21. Let l be (2 - 3)*2*7. What is the units digit of f(l)?
7
Let z(c) = 5*c**2 - 3*c - 7. What is the tens digit of z(-4)?
8
Let p be (-9 + 1)/(1 - 2). Let j be (-12)/2*(-1)/2. Suppose z = -j + p. What is the units digit of z?
5
Suppose 0*u + 2*k = -u + 7, 4*u - 31 = -5*k. Suppose 2 = -4*f + 2*f, -2*r - 2*f - 14 = 0. Let v = u + r. What is the units digit of v?
3
Suppose -3*o - 5*p + 5 = 0, -4*p + 3 = 2*o - 1. Let j(f) = f - 31. Let n be j(o). Let v = n - -43. What is the units digit of v?
2
Let h = 180 + -109. What is the units digit of h?
1
Let y = 42 - 4. What is the tens digit of y?
3
Let x = 1 + -6. Let u(w) = -2*w + 6. What is the units digit of u(x)?
6
Let x(n) = n**3 - n**2 + 3*n. Let d be x(3). Suppose -d = -2*o - 7. Suppose -2 = h - o. What is the units digit of h?
8
Let u(m) be the second derivative of -7*m**5/20 + m**3/3 + m**2/2 + m. What is the units digit of u(-1)?
6
Suppose -8 = 3*i - 4*i. What is the units digit of -5*(i/(-4) - 1)?
5
Suppose -5*k + b = -13 - 28, 0 = -5*k - 5*b + 35. What is the units digit of 60/k + 1/(-2)?
7
What is the tens digit of 2/(-11) - 3510/(-66)?
5
Let w(n) = n**2 - 8*n - 10. What is the units digit of w(13)?
5
Suppose 0 = -6*k - 0*k - 264. Let w = -18 + 12. What is the tens digit of k/(-6)*w/(-4)?
1
Suppose 0 = -n - 0*n + 5*g + 31, g + 5 = 0. Let v(x) = 3*x**2 + 0*x**2 - 4 - x**3 + n*x + 4*x**2 - 3*x**2. What is the units digit of v(5)?
1
What is the units digit of 7 + -2 + 1 + -3?
3
Suppose -5*n = -2*n - 39. What is the units digit of n?
3
Let l = 21 + -22. Let j = l + 10. What is the units digit of j?
9
Let l = -21 - -49. What is the tens digit of l?
2
Let t(w) = -w**3 + 13*w**2 - 10*w - 25. What is the tens digit of t(11)?
0
Suppose 5*d = 120 + 145. Let f(q) = -q**3 - 14*q**2 - 3*q. Let i be f(-14). Suppose -5*m + i = -d. What is the units digit of m?
9
Let s(p) = -p**2 + 14*p + 25. What is the tens digit of s(12)?
4
Suppose 4*w = 1 + 39. What is the tens digit of 0 + w + (-15)/(-5)?
1
Suppose -135*m + 130*m = -1055. What is the units digit of m?
1
Suppose -10*x = -5*x - 115